{"id":257,"date":"2022-12-30T20:52:50","date_gmt":"2022-12-30T20:52:50","guid":{"rendered":"https:\/\/vickyramosortiz.com\/?page_id=257"},"modified":"2026-02-26T14:41:08","modified_gmt":"2026-02-26T14:41:08","slug":"maquillaje-profesional","status":"publish","type":"page","link":"https:\/\/vickyramosortiz.com\/?page_id=257","title":{"rendered":"Maquillaje Profesional"},"content":{"rendered":"\t\t<div data-elementor-type=\"wp-page\" data-elementor-id=\"257\" class=\"elementor elementor-257\" data-elementor-post-type=\"page\">\n\t\t\t\t\t\t<section class=\"elementor-section elementor-top-section elementor-element elementor-element-e3c8171 elementor-section-boxed elementor-section-height-default elementor-section-height-default\" data-id=\"e3c8171\" data-element_type=\"section\" data-e-type=\"section\">\n\t\t\t\t\t\t<div class=\"elementor-container elementor-column-gap-default\">\n\t\t\t\t\t<div class=\"elementor-column elementor-col-100 elementor-top-column elementor-element elementor-element-32118d1\" data-id=\"32118d1\" data-element_type=\"column\" data-e-type=\"column\">\n\t\t\t<div class=\"elementor-widget-wrap elementor-element-populated\">\n\t\t\t\t\t\t<div class=\"elementor-element elementor-element-cecb83e elementor-widget elementor-widget-image\" data-id=\"cecb83e\" data-element_type=\"widget\" data-e-type=\"widget\" data-widget_type=\"image.default\">\n\t\t\t\t<div class=\"elementor-widget-container\">\n\t\t\t\t\t\t\t\t\t\t\t\t\t\t\t<img fetchpriority=\"high\" decoding=\"async\" width=\"1024\" height=\"682\" src=\"https:\/\/vickyramosortiz.com\/wp-content\/uploads\/2026\/02\/WhatsApp-Image-2026-02-26-at-11.39.33-AM-1024x682.jpeg\" class=\"attachment-large size-large wp-image-598\" alt=\"curso maquillaje\" srcset=\"https:\/\/vickyramosortiz.com\/wp-content\/uploads\/2026\/02\/WhatsApp-Image-2026-02-26-at-11.39.33-AM-1024x682.jpeg 1024w, https:\/\/vickyramosortiz.com\/wp-content\/uploads\/2026\/02\/WhatsApp-Image-2026-02-26-at-11.39.33-AM-300x200.jpeg 300w, https:\/\/vickyramosortiz.com\/wp-content\/uploads\/2026\/02\/WhatsApp-Image-2026-02-26-at-11.39.33-AM-768x512.jpeg 768w, https:\/\/vickyramosortiz.com\/wp-content\/uploads\/2026\/02\/WhatsApp-Image-2026-02-26-at-11.39.33-AM-1536x1023.jpeg 1536w, https:\/\/vickyramosortiz.com\/wp-content\/uploads\/2026\/02\/WhatsApp-Image-2026-02-26-at-11.39.33-AM.jpeg 1600w\" sizes=\"(max-width: 1024px) 100vw, 1024px\" \/>\t\t\t\t\t\t\t\t\t\t\t\t\t\t\t<\/div>\n\t\t\t\t<\/div>\n\t\t\t\t<div class=\"elementor-element elementor-element-3845fe7 elementor-widget elementor-widget-heading\" data-id=\"3845fe7\" data-element_type=\"widget\" data-e-type=\"widget\" data-widget_type=\"heading.default\">\n\t\t\t\t<div class=\"elementor-widget-container\">\n\t\t\t\t\t<h2 class=\"elementor-heading-title elementor-size-default\">Curso de Maquillaje Profesional<\/h2>\t\t\t\t<\/div>\n\t\t\t\t<\/div>\n\t\t\t\t<div class=\"elementor-element elementor-element-9ba8a33 elementor-widget__width-initial elementor-widget elementor-widget-text-editor\" data-id=\"9ba8a33\" data-element_type=\"widget\" data-e-type=\"widget\" data-widget_type=\"text-editor.default\">\n\t\t\t\t<div class=\"elementor-widget-container\">\n\t\t\t\t\t\t\t\t\t<p>Nuestro Curso de Maquillaje Profesional est\u00e1 dirigido a personas que deseen aprender el arte del maquillaje para potenciar la imagen de s\u00ed mismos y de los dem\u00e1s, conociendo las t\u00e9cnicas m\u00e1s importantes para resaltar o disimular facciones del rostro.<\/p><p>Con una carga horaria de 3 horas semanales, el alumno estar\u00e1 preparado para el mundo laboral en 8 meses. En ese tiempo tendr\u00e1 clases te\u00f3ricas y muchas pr\u00e1cticas con diferentes tipos de rostros y pieles. Contar\u00e1n con la posibilidad de pasant\u00edas en desfiles y producciones de fotos profesionales, junto a modelos de la academia.<\/p><p>En nuestro curso aprender\u00e1s:<\/p><p>* Tipos de piel y productos adecuados<br \/>* Colorimetr\u00eda <br \/>* Visagismo <br \/>* Maquillaje social para el d\u00eda, para la noche. <br \/>* Diferentes t\u00e9cnicas aplicables seg\u00fan el tipo de rostro y de piel.<br \/>* Maquillaje de moda.<br \/>* Armado del malet\u00edn profesional <br \/>* Marketing y publicidad para emprender<\/p><p>Adem\u00e1s contar\u00e1s con una sesi\u00f3n de fotos para finaliar el curso con im\u00e1genes profesionales propias de la mano de Richard Sosa.<\/p><p>Tambi\u00e9n obtendr\u00e1s nuestro apoyo online (v\u00eda whats app).<\/p><table style=\"border-collapse: collapse; width: 247pt;\" border=\"0\" width=\"328\" cellspacing=\"0\" cellpadding=\"0\"><tbody><tr style=\"height: 15pt;\"><td style=\"height: 15pt; width: 92pt;\" width=\"122\" height=\"20\">DURACI\u00d2N<\/td><td style=\"border-left: none; width: 155pt;\" width=\"206\">8 meses<\/td><\/tr><tr style=\"height: 15pt;\"><td style=\"border-top: none; height: 15pt;\" height=\"20\">FRECUENCIA<\/td><td style=\"border-top: none; border-left: none;\">Semanal\u00a0<\/td><\/tr><tr style=\"height: 15pt;\"><td style=\"border-top: none; height: 15pt;\" height=\"20\">CERTIFICADO<\/td><td style=\"border-top: none; border-left: none;\">Maquillista Profesional<\/td><\/tr><tr style=\"height: 15pt;\"><td style=\"border-top: none; height: 15pt;\" height=\"20\">EXAMEN FINAL<\/td><td style=\"border-top: none; border-left: none;\">S\u00ec<\/td><\/tr><\/tbody><\/table><p style=\"font-size: 15px; font-style: normal; font-weight: 400;\"><span style=\"color: var( --e-global-color-text ); font-family: var( --e-global-typography-text-font-family ), Sans-serif; background-color: var(--ast-global-color-5);\">Capacitarte en junto a nosotros no solo es estudiar en tu ciudad al nivel de la capital del pa\u00eds, sino que tendr\u00e1s el empuje y visibilidad que junto a Academia podemos brindarte. Finalizar\u00e1s el curso y no s\u00f3lo recibir\u00e1s tu certificado en el desfile de graduaci\u00f3n, sino que te llevar\u00e1s la experiencia y la contenci\u00f3n que te estaremos dedicando desde el primer d\u00eda, para que tengas la confianza necesaria que llevar\u00e1 al \u00e9xito de tu carrera.<\/span><\/p><p style=\"font-size: 15px; font-style: normal; font-weight: 400;\">Profesora: Mara Campelo<\/p><p style=\"font-size: 15px; font-style: normal; font-weight: 400;\"><span style=\"font-family: var( --e-global-typography-text-font-family ), Sans-serif;\">\u00a0<\/span><a style=\"background-color: #ffffff; font-family: var( --e-global-typography-text-font-family ), Sans-serif; font-size: 1rem; font-weight: var( --e-global-typography-text-font-weight );\" href=\"https:\/\/docs.google.com\/forms\/d\/e\/1FAIpQLSeAZ5MpHQtoh0rGUSOIwXDdR-7Mc8d7zXnw07hEeHBmNcGu7w\/viewform\" target=\"_blank\" rel=\"noopener\">SOLICITAR M\u00c1S INFORMACI\u00d3N<\/a><\/p>\t\t\t\t\t\t\t\t<\/div>\n\t\t\t\t<\/div>\n\t\t\t\t\t<\/div>\n\t\t<\/div>\n\t\t\t\t\t<\/div>\n\t\t<\/section>\n\t\t\t\t<\/div>\n\t\t","protected":false},"excerpt":{"rendered":"<p>Curso de Maquillaje Profesional Nuestro Curso de Maquillaje Profesional est\u00e1 dirigido a personas que deseen aprender el arte del maquillaje para potenciar la imagen de s\u00ed mismos y de los dem\u00e1s, conociendo las t\u00e9cnicas m\u00e1s importantes para resaltar o disimular facciones del rostro. Con una carga horaria de 3 horas semanales, el alumno estar\u00e1 preparado [&hellip;]<\/p>\n","protected":false},"author":1,"featured_media":0,"parent":0,"menu_order":0,"comment_status":"closed","ping_status":"closed","template":"elementor_canvas","meta":{"om_disable_all_campaigns":false,"_monsterinsights_skip_tracking":false,"_monsterinsights_sitenote_active":false,"_monsterinsights_sitenote_note":"","_monsterinsights_sitenote_category":0,"site-sidebar-layout":"no-sidebar","site-content-layout":"page-builder","ast-site-content-layout":"","site-content-style":"default","site-sidebar-style":"default","ast-global-header-display":"","ast-banner-title-visibility":"","ast-main-header-display":"","ast-hfb-above-header-display":"","ast-hfb-below-header-display":"","ast-hfb-mobile-header-display":"","site-post-title":"disabled","ast-breadcrumbs-content":"","ast-featured-img":"disabled","footer-sml-layout":"","theme-transparent-header-meta":"","adv-header-id-meta":"","stick-header-meta":"","header-above-stick-meta":"","header-main-stick-meta":"","header-below-stick-meta":"","astra-migrate-meta-layouts":"default","ast-page-background-enabled":"default","ast-page-background-meta":{"desktop":{"background-color":"var(--ast-global-color-4)","background-image":"","background-repeat":"repeat","background-position":"center center","background-size":"auto","background-attachment":"scroll","background-type":"","background-media":"","overlay-type":"","overlay-color":"","overlay-opacity":"","overlay-gradient":""},"tablet":{"background-color":"","background-image":"","background-repeat":"repeat","background-position":"center center","background-size":"auto","background-attachment":"scroll","background-type":"","background-media":"","overlay-type":"","overlay-color":"","overlay-opacity":"","overlay-gradient":""},"mobile":{"background-color":"","background-image":"","background-repeat":"repeat","background-position":"center center","background-size":"auto","background-attachment":"scroll","background-type":"","background-media":"","overlay-type":"","overlay-color":"","overlay-opacity":"","overlay-gradient":""}},"ast-content-background-meta":{"desktop":{"background-color":"var(--ast-global-color-5)","background-image":"","background-repeat":"repeat","background-position":"center center","background-size":"auto","background-attachment":"scroll","background-type":"","background-media":"","overlay-type":"","overlay-color":"","overlay-opacity":"","overlay-gradient":""},"tablet":{"background-color":"var(--ast-global-color-5)","background-image":"","background-repeat":"repeat","background-position":"center center","background-size":"auto","background-attachment":"scroll","background-type":"","background-media":"","overlay-type":"","overlay-color":"","overlay-opacity":"","overlay-gradient":""},"mobile":{"background-color":"var(--ast-global-color-5)","background-image":"","background-repeat":"repeat","background-position":"center center","background-size":"auto","background-attachment":"scroll","background-type":"","background-media":"","overlay-type":"","overlay-color":"","overlay-opacity":"","overlay-gradient":""}},"footnotes":""},"class_list":["post-257","page","type-page","status-publish","hentry"],"aioseo_notices":[],"_links":{"self":[{"href":"https:\/\/vickyramosortiz.com\/index.php?rest_route=\/wp\/v2\/pages\/257","targetHints":{"allow":["GET"]}}],"collection":[{"href":"https:\/\/vickyramosortiz.com\/index.php?rest_route=\/wp\/v2\/pages"}],"about":[{"href":"https:\/\/vickyramosortiz.com\/index.php?rest_route=\/wp\/v2\/types\/page"}],"author":[{"embeddable":true,"href":"https:\/\/vickyramosortiz.com\/index.php?rest_route=\/wp\/v2\/users\/1"}],"replies":[{"embeddable":true,"href":"https:\/\/vickyramosortiz.com\/index.php?rest_route=%2Fwp%2Fv2%2Fcomments&post=257"}],"version-history":[{"count":34,"href":"https:\/\/vickyramosortiz.com\/index.php?rest_route=\/wp\/v2\/pages\/257\/revisions"}],"predecessor-version":[{"id":601,"href":"https:\/\/vickyramosortiz.com\/index.php?rest_route=\/wp\/v2\/pages\/257\/revisions\/601"}],"wp:attachment":[{"href":"https:\/\/vickyramosortiz.com\/index.php?rest_route=%2Fwp%2Fv2%2Fmedia&parent=257"}],"curies":[{"name":"wp","href":"https:\/\/api.w.org\/{rel}","templated":true}]}}

<div data-elementor-type="wp-page" data-elementor-id="257" class="elementor elementor-257" data-elementor-post-type="page">
						<section class="elementor-section elementor-top-section elementor-element elementor-element-e3c8171 elementor-section-boxed elementor-section-height-default elementor-section-height-default" data-id="e3c8171" data-element_type="section" data-e-type="section">
						<div class="elementor-container elementor-column-gap-default">
					<div class="elementor-column elementor-col-100 elementor-top-column elementor-element elementor-element-32118d1" data-id="32118d1" data-element_type="column" data-e-type="column">
			<div class="elementor-widget-wrap elementor-element-populated">
						<div class="elementor-element elementor-element-cecb83e elementor-widget elementor-widget-image" data-id="cecb83e" data-element_type="widget" data-e-type="widget" data-widget_type="image.default">
				<div class="elementor-widget-container">
															<img fetchpriority="high" decoding="async" width="1024" height="682" src="https://vickyramosortiz.com/wp-content/uploads/2026/02/WhatsApp-Image-2026-02-26-at-11.39.33-AM-1024x682.jpeg" class="attachment-large size-large wp-image-598" alt="curso maquillaje" srcset="https://vickyramosortiz.com/wp-content/uploads/2026/02/WhatsApp-Image-2026-02-26-at-11.39.33-AM-1024x682.jpeg 1024w, https://vickyramosortiz.com/wp-content/uploads/2026/02/WhatsApp-Image-2026-02-26-at-11.39.33-AM-300x200.jpeg 300w, https://vickyramosortiz.com/wp-content/uploads/2026/02/WhatsApp-Image-2026-02-26-at-11.39.33-AM-768x512.jpeg 768w, https://vickyramosortiz.com/wp-content/uploads/2026/02/WhatsApp-Image-2026-02-26-at-11.39.33-AM-1536x1023.jpeg 1536w, https://vickyramosortiz.com/wp-content/uploads/2026/02/WhatsApp-Image-2026-02-26-at-11.39.33-AM.jpeg 1600w" sizes="(max-width: 1024px) 100vw, 1024px" />															</div>
				</div>
				<div class="elementor-element elementor-element-3845fe7 elementor-widget elementor-widget-heading" data-id="3845fe7" data-element_type="widget" data-e-type="widget" data-widget_type="heading.default">
				<div class="elementor-widget-container">
					<h2 class="elementor-heading-title elementor-size-default">Curso de Maquillaje Profesional</h2>				</div>
				</div>
				<div class="elementor-element elementor-element-9ba8a33 elementor-widget__width-initial elementor-widget elementor-widget-text-editor" data-id="9ba8a33" data-element_type="widget" data-e-type="widget" data-widget_type="text-editor.default">
				<div class="elementor-widget-container">
									<p>Nuestro Curso de Maquillaje Profesional está dirigido a personas que deseen aprender el arte del maquillaje para potenciar la imagen de sí mismos y de los demás, conociendo las técnicas más importantes para resaltar o disimular facciones del rostro.</p><p>Con una carga horaria de 3 horas semanales, el alumno estará preparado para el mundo laboral en 8 meses. En ese tiempo tendrá clases teóricas y muchas prácticas con diferentes tipos de rostros y pieles. Contarán con la posibilidad de pasantías en desfiles y producciones de fotos profesionales, junto a modelos de la academia.</p><p>En nuestro curso aprenderás:</p><p>* Tipos de piel y productos adecuados<br />* Colorimetría <br />* Visagismo <br />* Maquillaje social para el día, para la noche. <br />* Diferentes técnicas aplicables según el tipo de rostro y de piel.<br />* Maquillaje de moda.<br />* Armado del maletín profesional <br />* Marketing y publicidad para emprender</p><p>Además contarás con una sesión de fotos para finaliar el curso con imágenes profesionales propias de la mano de Richard Sosa.</p><p>También obtendrás nuestro apoyo online (vía whats app).</p><table style="border-collapse: collapse; width: 247pt;" border="0" width="328" cellspacing="0" cellpadding="0"><tbody><tr style="height: 15pt;"><td style="height: 15pt; width: 92pt;" width="122" height="20">DURACIÒN</td><td style="border-left: none; width: 155pt;" width="206">8 meses</td></tr><tr style="height: 15pt;"><td style="border-top: none; height: 15pt;" height="20">FRECUENCIA</td><td style="border-top: none; border-left: none;">Semanal </td></tr><tr style="height: 15pt;"><td style="border-top: none; height: 15pt;" height="20">CERTIFICADO</td><td style="border-top: none; border-left: none;">Maquillista Profesional</td></tr><tr style="height: 15pt;"><td style="border-top: none; height: 15pt;" height="20">EXAMEN FINAL</td><td style="border-top: none; border-left: none;">Sì</td></tr></tbody></table><p style="font-size: 15px; font-style: normal; font-weight: 400;"><span style="color: var( --e-global-color-text ); font-family: var( --e-global-typography-text-font-family ), Sans-serif; background-color: var(--ast-global-color-5);">Capacitarte en junto a nosotros no solo es estudiar en tu ciudad al nivel de la capital del país, sino que tendrás el empuje y visibilidad que junto a Academia podemos brindarte. Finalizarás el curso y no sólo recibirás tu certificado en el desfile de graduación, sino que te llevarás la experiencia y la contención que te estaremos dedicando desde el primer día, para que tengas la confianza necesaria que llevará al éxito de tu carrera.</span></p><p style="font-size: 15px; font-style: normal; font-weight: 400;">Profesora: Mara Campelo</p><p style="font-size: 15px; font-style: normal; font-weight: 400;"><span style="font-family: var( --e-global-typography-text-font-family ), Sans-serif;"> </span><a style="background-color: #ffffff; font-family: var( --e-global-typography-text-font-family ), Sans-serif; font-size: 1rem; font-weight: var( --e-global-typography-text-font-weight );" href="https://docs.google.com/forms/d/e/1FAIpQLSeAZ5MpHQtoh0rGUSOIwXDdR-7Mc8d7zXnw07hEeHBmNcGu7w/viewform" target="_blank" rel="noopener">SOLICITAR MÁS INFORMACIÓN</a></p>								</div>
				</div>
					</div>
		</div>
					</div>
		</section>
				</div>

<p>Curso de Maquillaje Profesional Nuestro Curso de Maquillaje Profesional está dirigido a personas que deseen aprender el arte del maquillaje para potenciar la imagen de sí mismos y de los demás, conociendo las técnicas más importantes para resaltar o disimular facciones del rostro. Con una carga horaria de 3 horas semanales, el alumno estará preparado [&hellip;]</p>
